q(4). Let g be x(t). What is the highest common divisor of 24 and g?
12
Let y be 1960/1225 - 3697/(-5). Calculate the greatest common factor of 117 and y.
39
Let k be (-20)/(6/(-2) + 2). Let f(o) = o**2 - 9*o - 42. Let i be f(-4). Calculate the highest common divisor of k and i.
10
Let u = 267 - 155. Let x be (2/3)/(4/30). Suppose -l + 13 = 2*t - 19, -x*t + 5*l = -80. Calculate the greatest common factor of t and u.
16
Let j(f) = 2*f**2 - 71*f - 81. Let n be j(37). Calculate the highest common divisor of n and 40.
10
Suppose 13*r - 186 = 191. What is the highest common factor of 203 and r?
29
Let c = 6 + 6. Suppose -2*s + 0*s = 20*s - 2376. Calculate the highest common divisor of c and s.
12
Let x(v) = 13*v**2 + 7*v - 9. Let n be x(2). Let h = n - 56. Calculate the greatest common divisor of 7 and h.
1
Let v be -8 + -58 + (4 - -1). Let s = v + 206. Calculate the greatest common divisor of s and 29.
29
Let k be (-3 - -7) + -1 + 0. Let q be 11/k - (-10)/(-15). Suppose 8 = -q*g + 38. What is the highest common factor of 50 and g?
10
Let v(n) = 6*n + 121. Let k be v(-20). Calculate the highest common factor of 11 and k.
1
Suppose -23*t + 18*t + 40 = 0. What is the highest common factor of t and 20?
4
Suppose 0 = 102*s - 95*s - 98. What is the highest common factor of 203 and s?
7
Suppose 0*q = -q + 14. Suppose 0 = -0*n - n + q. Let b = 118 + -90. What is the greatest common divisor of n and b?
14
Suppose -2*k - 6 = -2*w, 0 = -3*w - 2*k + 8 + 6. Let f(b) = -b - 6. Let c be f(-10). Suppose -c*r + 88 = -24. Calculate the highest common divisor of w and r.
4
Let a be ((-12)/10)/(6*2/(-40)). Let m be a/22 + (-163)/(-11) + -3. Calculate the highest common divisor of 12 and m.
12
Suppose -4*a + 8*a = 0. Suppose a = -4*n + 20 - 4. Let w = 22 + -16. Calculate the greatest common factor of n and w.
2
Let t(j) = j**3 - 12*j**2 - 8*j - 45. Let z be t(13). What is the greatest common factor of z and 35?
5
Suppose 7*h = 27*h - 140. What is the greatest common divisor of h and 8?
1
Suppose 0 = 4*c + 2*c + 216. Let y be (-9)/(-5) + c/45. Let b be (108/8 - y)*6. What is the highest common factor of 15 and b?
15
Let q = 689 - 669. What is the highest common factor of q and 52?
4
Let r = -10 + 12. Suppose 3*m - s + r = -2, m + 6 = -2*s. Let k be ((-272)/48)/(m/30). What is the highest common factor of 17 and k?
17
Suppose 2*p = 101 - 69. What is the highest common factor of 592 and p?
16
Let q be 1*-7 - (-25803)/61. Calculate the greatest common factor of 13 and q.
13
Let x(u) = -22*u**3 - 4*u**2 + 6*u + 20. Let h be x(-2). Calculate the greatest common divisor of 24 and h.
24
Suppose -3*f = -4*f + 16. Suppose -5*l + 4*z = 859, 0 = z - 0*z + 4. Let d = 191 + l. What is the greatest common divisor of f and d?
16
Let a(m) be the first derivative of 5*m**2/2 + 5. Let k be a(1). Suppose k*h - 15 = -0*v + v, v = h + 1. What is the greatest common factor of h and 32?
4
Let r = -66 - -30. Let h be (-20)/6 + (-12)/r. Let d = h + 33. What is the highest common factor of 20 and d?
10
Suppose 4*z - 3*v = 149, -3*z = 145*v - 148*v - 111. What is the highest common factor of 19 and z?
19
Let y = 11 - 9. Suppose 0*h + y = h. Suppose -4*o + 63 = -c - 13, -8 = h*c. What is the greatest common factor of o and 198?
18
Let s(n) = -n**2 - 36*n - 18. Let c be s(-18). Suppose -18 + c = 2*w. Let p(q) = -17*q - 1. Let g be p(-1). Calculate the greatest common divisor of g and w.
16
Let s be (-7 - (-429)/52)*432. Calculate the greatest common divisor of s and 15.
15
Let q(l) = -4*l**3 + 21*l**2 - 46*l - 27. Let b(u) = -u**3. Let r(n) = 5*b(n) - q(n). Let z be r(-23). Calculate the highest common factor of 27 and z.
27
Let d = -16 - -30. Let j be 48/(-112) - 92/d. Let r be (-156)/j + 26/(-91). Calculate the greatest common divisor of r and 242.
22
Let d = 320 - 212. Suppose 0 = 3*v + w + 4*w - d, 2*w + 144 = 4*v. Let n = -53 + 107. Calculate the highest common factor of v and n.
18
Let y(q) = -2*q**2 + 32*q - 18. Let w be y(13). Suppose -3*v + 5 - 2 = 0. Let o be v/4 + 158/8. What is the highest common factor of w and o?
20
Let r be -8*-58*1 - (22 + -22). Suppose 0 = -7*y + r + 75. What is the greatest common factor of 7 and y?
7
Suppose 19*f - 20*f + 132 = 0. What is the highest common factor of f and 24?
12
Let b = 1524 + -1218. Calculate the greatest common factor of 136 and b.
34
Let c(t) = -11*t**2 + 38*t + 1. Let d be c(3). Calculate the highest common factor of d and 8.
8
Suppose -39*s = -34*s - 1530. Suppose 34 = -3*m + 4*m. What is the highest common factor of s and m?
34
Let i(o) = 15*o**3 - 7*o**2 + 3*o + 4. Let u be i(2). Let b = u - 76. What is the highest common divisor of b and 208?
26
Let y be 4/10 - (-28)/5. Suppose 4*h = 0, -3*h + 50 = 5*n - 2*h. Suppose -n*r + 8*r = -96. Calculate the greatest common divisor of y and r.
6
Let u(v) = 5*v - 1. Let r be u(5). Suppose 5*z - 497 = 3*n + 328, -682 = -4*z - 2*n. Suppose -8*f + f + z = 0. Calculate the highest common divisor of r and f.
24
Let a = 12 + -4. Let p(b) = b - 4. Let t be p(a). Suppose 1 = t*h - 31. Calculate the highest common factor of h and 8.
8
Let g be (6/9)/(4/444). Suppose -2*v + 70 = -g. Let a(n) = n + 2. Let w be a(6). Calculate the highest common divisor of w and v.
8
Let p(a) = a**2 - 24*a + 84. Let s be p(22). Calculate the greatest common factor of 130 and s.
10
Suppose 0 = -0*u - 13*u + 260. Let s be (3 - 128/u)*-10. Calculate the greatest common divisor of s and 2.
2
Let x(h) = 2*h**3 + 7*h**2 - 4*h - 5. Let y be x(5). Calculate the greatest common divisor of y and 25.
25
Let z = -8 - -10. Let p be 6/z - (-1 - 21). Suppose 3*t = 6*t - 30. What is the highest common divisor of p and t?
5
Suppose v + 4 = -v + 5*z, 0 = 4*z - 16. Let q(y) = y**2 + 2*y. Let a be q(v). What is the highest common divisor of a and 32?
16
Let l be 2/(-6) - (-130)/30. Let n be ((-975)/10)/(-2 - (-7)/l). Calculate the greatest common factor of 30 and n.
30
Let o(i) = 3*i + 543. Let d be o(19). Calculate the highest common factor of d and 48.
24
Let x be -11 - (4 + -6 - 1). Let k be 2/((-24)/(-255)) - (-2)/x. What is the highest common divisor of k and 7?
7
Suppose -48*r + 58*r - 360 = 0. Calculate the highest common factor of r and 408.
12
Let b be 132/77 + 4/14. Suppose 3 = b*a - a. Suppose 4*h - 3*h + 3*y = 33, -5*h + 183 = -a*y. Calculate the greatest common factor of 18 and h.
18
Suppose 0 = -c + 2*c - 66. Suppose -u - 3*d + c = 0, u + 0*d = d + 86. What is the greatest common factor of u and 9?
9
Suppose -m + 3*m = 10. Let z be (6 - (-1)/1)/(2/10). What is the highest common divisor of z and m?
5
Let c = -317 + 926. What is the highest common divisor of 42 and c?
21
Let r(c) = -3*c + 1. Let u be r(-1). Suppose u*d - 22 = 3*d. What is the highest common divisor of 198 and d?
22
Let k be (-6)/(-10) - (-308)/20. Let f = k - -79. Suppose -3*z + 266 = 4*z. Calculate the highest common factor of f and z.
19
Suppose 5*y - 570 = -2*v + 106, -3*y = 4*v - 400. Calculate the highest common factor of 1156 and y.
68
Suppose 2*b - 77 = -3*f + 53, -25 = -f + 3*b. Suppose 2*k - 4*k = -8. Suppose -1 = k*m - 33. What is the greatest common factor of f and m?
8
Let r(u) = 32*u - 9. Let x be r(4). Let y = -3 + -3. Let g be 101/6 - 1/y. Calculate the greatest common factor of g and x.
17
Let h(q) = -2*q**3 - 66*q**2 - 6*q - 36. Let k be h(-33). Calculate the greatest common divisor of 6 and k.
6
Let g be (-85)/(-10) + ((-2)/4 - 0). Let i(s) = s**3 - 7*s**2 - 3*s - 9. Let q be i(g). Calculate the highest common divisor of 93 and q.
31
Let a = 1440 + -491. Calculate the highest common divisor of 73 and a.
73
Suppose -9*f - 4*j = -8*f - 104, -2*j + 202 = 2*f. Calculate the highest common factor of f and 20.
20
Suppose -6*k = -3*k + 90. Let s = 44 + k. Calculate the greatest common divisor of 56 and s.
14
Suppose 31 = 3*n - 29. What is the greatest common factor of n and 55?
5
Let l(y) = -2*y**3 - 78*y**2 + 80*y + 56. Let d be l(-40). What is the greatest common divisor of d and 210?
14
Suppose z = -5*y + 620, 496 = 4*y - 97*z + 95*z. Calculate the highest common factor of y and 155.
31
Let y = 8480 - 4842. Calculate the highest common divisor of y and 34.
34
Let m be 28*(2 - 3) - -3. Let v = -6 - m. Let y = v + -7. Calculate the greatest common d